7. Let t be 190/15 - l/3. What is the highest common factor of 36 and t?
12
Let x(o) = -o**3 + 7*o**2 - 7*o + 6. Let d be x(6). Suppose -w - 3*w + 596 = 4*s, d = -5*w + 5*s + 755. What is the greatest common factor of w and 30?
30
Let l(j) = 3*j**2 + 7*j + 5. Let y be l(-5). Suppose -4*x - 5*b = -31, x + 2*b + 1 = 8. What is the highest common factor of y and x?
9
Let w be 8/2 - 3 - -4. Suppose -o - 10 = 2*o - 5*z, 0 = -w*o - 4*z + 45. Calculate the highest common divisor of 15 and o.
5
Suppose -g - 2 = -5. Suppose -4*k = 5*v - 13, 0 = -4*k + v + 4*v + 3. What is the highest common factor of k and g?
1
Let x be (-6)/4*-9*6. Let n(d) = 2*d**2 - d - 2. Let o be n(2). Suppose j + 4*m = -3, 48 = o*j + 3*m - 7*m. Calculate the highest common factor of x and j.
9
Let w = -5 - -8. Suppose 98 = -w*m + 5*m. Suppose 4*d = -5*y + 54, -3*y + m = 5*d + 14. What is the highest common divisor of y and 4?
2
Let c = 9 + -5. Suppose -c*w + 56 = -0. What is the highest common divisor of 7 and w?
7
Suppose 0 = 5*u + 5*l, 0 = -u + 2*l + 11 + 4. Suppose 0 = u*b - 18 + 8. Calculate the greatest common factor of 8 and b.
2
Suppose -2*p - 8*p = -10. What is the highest common divisor of p and 1?
1
Let z(q) = -4*q - 28. Let y be z(-10). What is the highest common divisor of 144 and y?
12
Let x(b) = -b**3 + 14*b**2 + 12. Let u be x(14). What is the highest common factor of 18 and u?
6
Suppose 51*h = 54*h - 78. Calculate the highest common divisor of h and 234.
26
Let w(p) = -p + 5. Let o be w(4). Suppose 2*n + o = 17. Calculate the greatest common factor of n and 72.
8
Let z(v) = v**3 - v**2 + v - 3. Let o be z(0). Let m be (-5)/(o/(-2 + 20)). What is the greatest common factor of m and 15?
15
Let o be 0 + 2 - (-1 + 0). Suppose 0*t = t - 24. What is the greatest common factor of t and o?
3
Let v = -3 - -14. Let u = 4 - -2. Let z(h) = -h**3 + 7*h**2 - 5*h + 5. Let j be z(u). Calculate the highest common divisor of v and j.
11
Let f be 3*-2*(0 + 2). Let u = -7 - f. Let w(p) = p. Let k be w(u). Calculate the highest common factor of k and 40.
5
Let l = -4 - -38. Calculate the greatest common factor of l and 2.
2
Suppose -4*s - 5 = -21. Suppose -396 = -3*y - c + 4*c, 0 = 2*y + s*c - 288. Calculate the greatest common factor of y and 17.
17
Let j = 5 + -3. Let s(h) = 8*h + 2. Let w be s(j). What is the highest common factor of w and 6?
6
Suppose 0 = -2*l + 3*l. Let m be -1*2/4*l. Suppose i - 4*i + 36 = m. What is the greatest common divisor of 60 and i?
12
Let m = -23 + 27. What is the greatest common divisor of m and 2?
2
Let k be -1*(0 + -6) - 2. Let w(r) = 19*r - 6. Let d be w(k). What is the highest common divisor of d and 10?
10
Let z(w) = -22*w + 16. Let g be z(-4). Let t = -15 - -28. Calculate the greatest common divisor of g and t.
13
Suppose 55 = -7*h + 12*h. Let t be 0/h - -1*7. What is the greatest common divisor of t and 14?
7
Suppose -b - 5*r - 6 = 0, r + 2*r = 5*b - 26. Suppose t - 25 = -b. What is the greatest common divisor of t and 7?
7
Let p be (1 - 1)/(2 - 3). Suppose -k + p*k = -30. Let i = k - -18. Calculate the highest common divisor of i and 32.
16
Let z(v) = v**3 - 18*v**2 - v + 20. Let t be z(18). What is the greatest common divisor of 22 and t?
2
Let w = -36 + 68. What is the highest common divisor of 8 and w?
8
Suppose 2*i + 3*d + 7 = 7*i, 3*d = -3*i + 9. Calculate the highest common divisor of 5 and i.
1
Let u(b) = 7*b**2 + b. Let z be u(-1). Let r be ((-3)/z)/((-2)/24). Suppose -5*p + 47 = l, 0 = -5*p + 2 + 3. Calculate the greatest common factor of l and r.
6
Let j = 852 - 412. Suppose 5*a - 277 = -3*c, -5*c = 2*a + 2*a - j. What is the greatest common factor of 12 and c?
12
Let o(s) = s + 8. Let d be o(-6). Suppose -p + 8 - d = 0. Let g be -15*(-18)/21*42/10. What is the highest common divisor of p and g?
6
Let s be (4/(-12))/(2/(-132)). Calculate the greatest common factor of 110 and s.
22
Let d be (288/27)/(1/3). What is the highest common divisor of d and 80?
16
Let m be 6/(-21) - 96/(-42). Suppose 78 = m*k - 3*x, 2*x + 107 = 3*k - 0*x. Calculate the highest common divisor of k and 3.
3
Let t(k) = -k - 11. Let r be t(-12). Suppose n - 4*h - r = 21, -12 = -n - h. What is the highest common divisor of 154 and n?
14
Let b be (-15267)/(-126) + 2/(-12). What is the highest common factor of 11 and b?
11
Let i(b) = -b**3 - 5*b**2 + 6. Let d be i(-5). Suppose -3*r + 81 = 2*w, -6 + 26 = -4*r. What is the highest common divisor of w and d?
6
Suppose 0 = -2*f - f + 90. Suppose 31 + 49 = 4*q. Let j be q - (-3 + 1 + 2). Calculate the highest common divisor of f and j.
10
Let t(k) = k**3 + 5*k**2 - 6*k + 8. Let q be t(-6). Suppose q = o + o. Suppose o*p = p + 33. Calculate the highest common divisor of 99 and p.
11
Let c be (28/(-12))/(2/(-66)). Let n(r) = r**2 + r - 5. Let g be n(-4). Calculate the greatest common divisor of g and c.
7
Suppose -y + 3*q + 24 = 0, 2*q + 27 = y - 1. What is the highest common factor of y and 90?
18
Let f = 352 - 177. What is the highest common divisor of f and 25?
25
Let l = -1 - -4. What is the greatest common factor of l and 6?
3
Let v(z) = -10*z + 4. Suppose 0*q + 6 = -q. Let m be v(q). Suppose m = 2*o - 26. Calculate the greatest common divisor of o and 18.
9
Suppose 0 = -5*d + 4*w + 13, -10 = -4*d + w + 2*w. Calculate the highest common divisor of d and 5.
1
Let k = -65 - -79. Calculate the highest common factor of 70 and k.
14
Let y(v) = 26*v**2 + 5*v - 1. Let d be y(-1). What is the greatest common divisor of 260 and d?
20
Let n be (-176)/(-10) - (-2)/5. Suppose -21 = -2*m - 3. Calculate the greatest common divisor of n and m.
9
Let x = 18 - 8. Let k(v) = -30*v. Let q be k(-3). Calculate the highest common factor of q and x.
10
Suppose 0 = -3*l + 2*l - 6. Let b be 54*((-10)/l)/5. What is the greatest common divisor of 126 and b?
18
Suppose 3*c - 253 - 11 = 0. Let t(w) = -3*w - 1. Let f be t(-3). Calculate the greatest common factor of c and f.
8
Let m(i) = i**2 - i - 3. Let v(d) = 2*d**2 - 2*d - 5. Let f(s) = -10*m(s) + 6*v(s). Let j be f(9). Calculate the greatest common divisor of 16 and j.
16
Let w(g) = -g**3 + 9*g**2 - 3*g - 5. Suppose 0 = -3*m - 4 + 13. Suppose 2*c = -m*c + 30. Let p be w(c). Calculate the highest common factor of 34 and p.
17
Suppose 131 = 5*s - 19. Calculate the greatest common divisor of s and 330.
30
Let n be -7*1/(-2 + 1). Let o(z) be the first derivative of z**4/4 - 4*z**3/3 + 5*z - 1. Let j be o(n). Calculate the highest common divisor of j and 19.
19
Suppose -4*b = -0*b - 36. Suppose -n - 4*o + 91 = -b*o, -4*n - o + 364 = 0. Calculate the highest common divisor of n and 13.
13
Suppose 4*i - 151 = 3*h, h - i + 94 = -h. Let o = 50 + 19. Let j = o + h. What is the highest common factor of 8 and j?
8
Suppose 2*t = -2*c - 8, 3*c - 4*t - 14 = 5*c. Let g be c/(-1) - (-61 + 0). Let l = 161 - g. Calculate the greatest common divisor of l and 11.
11
Let b be (82 - -2 - 1) + 2. Suppose 0 = 4*n + v - 117, -3*v + 150 = 5*n - v. Let p be 0 - (-3 - (3 + n)). Calculate the greatest common divisor of b and p.
17
Let m = -1 - -1. Suppose m*y + y - 4*r - 76 = 0, -5*r + 177 = 3*y. What is the greatest common factor of 16 and y?
16
Suppose 0*u = -3*f + 2*u - 2, 5*u = 2*f + 16. Calculate the highest common divisor of f and 16.
2
Suppose 0 = 5*c + 25, 5*c - 479 = -6*g + 3*g. Calculate the highest common factor of 14 and g.
14
Let w = 154 - -5. Suppose -b - w = -3*v - 24, -56 = -v + 4*b. What is the highest common divisor of 11 and v?
11
Let g(p) = p**2 - 6*p - 5. Let b be g(6). Let v(t) = 2*t**2 + 5*t + 2. Let y be v(b). Calculate the highest common factor of 18 and y.
9
Let w(c) = -3*c**2 - 2*c + 2. Let a be w(-2). Let h be -6*(147/a)/7. What is the highest common factor of h and 21?
21
Let v = -21 - -37. Suppose 3*n = -n + 576. What is the greatest common factor of n and v?
16
Let c = 233 - 156. Let o = 17 - 12. Suppose -10*n + o*n + 35 = 0. What is the highest common factor of n and c?
7
Suppose -39*f - 28 = -41*f. What is the greatest common factor of 14 and f?
14
Suppose 2*z + 1088 = 7*z + 2*t, -4*z + 884 = 5*t. Calculate the greatest common factor of 18 and z.
18
Suppose -3*v + 2*q - 28 = -6*v, 3*v = 4*q - 2. Calculate the highest common factor of 15 and v.
3
Suppose -276 - 264 = -6*y. What is the g